8*r**2 + 7*r + 87. Let f be n(-21). Suppose 3*s + 421 = x, -3*x - 5*s = -s - f. What is the hundreds digit of x?
4
What is the thousands digit of 24330 - ((-1375)/(-165) - 14/6)?
4
Let a(v) = 2*v**3 + 62*v**2 - 93*v - 5. What is the units digit of a(-30)?
5
Let g(d) be the second derivative of -d**4/12 + 25*d**3/2 - 9*d**2 - 112*d. What is the units digit of g(7)?
8
Let f(r) = 2*r**3 + 7*r**2 - 29*r + 9. Let m be f(-6). What is the hundreds digit of m/21 + (-50142)/(-42) + 6?
2
Let b = 80 + -54. Suppose b*c - 7293 = 9*c. What is the units digit of c?
9
Let a be (-4)/26 - (-4 - (-4)/(-26)). Suppose a*p - 86 = -22. What is the tens digit of (p/(-40))/((-2)/180)?
3
Suppose -186*p = -195*p - 73881. What is the hundreds digit of (p/9)/(-1) + 13/(-117)?
9
What is the thousands digit of 6 - (14 + -8) - -9897?
9
Let d(g) = -g**2 + 39*g - 242. Let h be d(10). Let v = 215 - h. What is the units digit of v?
7
Let s = -24157 + 34643. What is the hundreds digit of s?
4
Suppose 19*a + 8464 = 3*a. Let v = 788 + a. What is the tens digit of v?
5
Suppose -22*u - 55482 = -180508. Suppose 0 = 5*s - 3*l + 1375 - u, 3*s + 3*l = 2604. What is the units digit of s?
4
Let o(r) = 2*r**2 - 3*r + 6. Suppose -5*p - 67 = 4*c, 0*c = -2*p - 3*c - 24. Let x be ((-27)/12)/(p/20). What is the units digit of o(x)?
5
Suppose 9*u + 39416 = -38002. What is the hundreds digit of u/(-51) - 2/3?
1
What is the tens digit of (-6)/(-13) + 183647590/8515?
6
Let f(h) = 11*h + 28. Let z be (3 - (-36)/(-8))/((-3)/4). Let s be 16/z*(-5)/(-10). What is the units digit of f(s)?
2
Suppose -6*x + 5*x + 27 = 0. Let u = -21 + x. Suppose -3*o + u = 0, a + 5*o = -0*o + 78. What is the units digit of a?
8
Let n(r) be the second derivative of -r**5/20 - 13*r**4/12 + 2*r**3 + 13*r**2/2 + 295*r. Let p(q) = q - 8. Let f be p(-6). What is the tens digit of n(f)?
4
Let z be (-2 + 1*10434)*9/18. Suppose -4*w = f - z, f = 4*w - 1848 - 3376. What is the thousands digit of w?
1
What is the thousands digit of (-1830)/(-1647) - (-328074)/27?
2
What is the units digit of (-9)/(432/(-376144)) + 4/6?
7
Let h(f) = -2639*f**3 + 6*f**2 + 4*f + 1. What is the thousands digit of h(-1)?
2
Suppose -15*g + 253767 + 291273 = -100380. What is the ten thousands digit of g?
4
Suppose 352 - 190 = 2*o. What is the tens digit of (-9)/(-1 - (3 - o/21))?
6
Let j(f) = -3*f**3 + 8*f**2 + 19*f - 71. What is the units digit of j(-19)?
3
Let g(p) = -5*p**3 + p**2 - 3. Let k be g(-2). Let j = k - 35. What is the units digit of j/(-16) - 12831/(-104)?
3
Let w(i) = 24*i - 24. Let n be w(8). Let z = 301 - n. What is the units digit of z?
3
Suppose -4*d + 322 = -2*s + 4*s, -3*s - 5*d + 487 = 0. Let v = 319 - s. What is the units digit of v?
0
Let d be 2 - 0/(-4 + 3). Suppose -5*q + 0*q - 4*i = 426, -4*i - 180 = d*q. Let g = -5 - q. What is the tens digit of g?
7
Suppose 0 = 2*l + 2*w - 1343 - 91, -5*l + 4*w + 3558 = 0. Let s = l + -205. What is the units digit of s?
9
Let g = -593 + 1157. What is the hundreds digit of ((-30)/9)/(-2*1/g)?
9
Suppose 0 = 149*n - 146*n. Suppose l = 3*r + 35, -4*r + 100 = -n*l + 2*l. Suppose -5*t + 36 = b, 0 = -5*t + 2*t + 5*b + l. What is the units digit of t?
8
Suppose -4*a = -3*d + 2*d - 4, 4 = 4*a. Suppose d = 4*v + v, 4*v + 338 = -n. Let x = 488 + n. What is the units digit of x?
0
Suppose -5*u + 110105 = 5*b - 1680, 2*u - 44717 = -3*b. What is the units digit of u?
4
Let p(i) = -i**3 - 3*i**2 - 2*i + 3. Let n be p(-2). What is the units digit of 114/n*40/(4/2)?
0
Let t(f) = f**3 - 9*f**2 + f + 8. Let w be t(10). Let z = 381 - w. Suppose -s = -2*s + 5*m + 266, s - 4*m - z = 0. What is the units digit of s?
1
Let s(h) = -4202*h - 4896. What is the tens digit of s(-7)?
1
Let o be ((-5)/(-1))/((-4)/484*-11). What is the tens digit of 2/5 + 4499/o*2?
6
Let p = 1788 + 4314. What is the thousands digit of p?
6
Let k = -322 + 326. Suppose -1186 = -4*d + 2*q, -882 = -3*d + 7*q - k*q. What is the hundreds digit of d?
2
Suppose 0 = 3*i + 5*c - 113826, -5*i = -2*i + 11*c - 113844. What is the ten thousands digit of i?
3
Suppose -23*x + 3*x + 40 = 0. Suppose -x*j = -8*j + 3546. What is the units digit of j?
1
What is the hundreds digit of 42/((216/(-48))/(201/(-2)))?
9
Suppose 4*s - 8*s - 3*p = 22111, 5*p - 15 = 0. What is the units digit of 4/(-16) + s/(-40)?
8
Let c be (486/(-7))/(-6) - 3/(-7). Suppose -3 = -3*l + c. Suppose -4*j = -2*m - 47 - 37, -l*m + 54 = 2*j. What is the units digit of j?
2
Let w(l) = l**2 - 72*l + 19488. What is the tens digit of w(0)?
8
Suppose -9*s + 101 = -25. Let d(p) = -2*p**2 + 45*p + 46. What is the hundreds digit of d(s)?
2
Let z = -64 + 67. Suppose -2*f = z*x + x - 214, 2*x = -4*f + 104. What is the units digit of x?
4
Suppose -13*n + 20 = -3*n. Suppose 5*t = -n*f - 0*t + 19843, -29777 = -3*f + 5*t. What is the tens digit of 2/9 + f/54?
8
Let b = 521 + -968. Let f = b + 901. What is the units digit of f?
4
Suppose -4*j + 3*n - 2103 = 0, -j = 3*j - n + 2093. Let h = j - -1092. What is the units digit of h?
0
What is the thousands digit of (-51)/((-255)/(-710))*(-1)/((-2)/(-551))?
9
Let c(s) = s**2 + 3*s - 9*s**2 + 125 + s**2 - 2*s + 0*s. What is the units digit of c(0)?
5
Let h(f) = -f**3 - 7*f**2 - 7*f - 2. Let c be h(-6). Suppose -c*i + 390 = i. Suppose d - 2*n + 106 = 3*d, -d + 4*n + i = 0. What is the tens digit of d?
5
What is the units digit of 67702/18 + 720/(-3240)?
1
Let m(n) be the first derivative of n**3/3 - 4*n**2 - 5*n + 11. Let s be m(10). Suppose -o + 95 - s = 0. What is the units digit of o?
0
Suppose 18*s + 72 = 21*s. Suppose 5*h - 21 = -k, -5*k + 0*k + 47 = -4*h. Suppose -k*a + s = -911. What is the tens digit of a?
8
Let o(d) = -38*d - 3. Let h(r) = -32*r - 11. Let u(m) = -33*m - 10. Let t(j) = -6*h(j) + 7*u(j). Let g(i) = -7*o(i) + 6*t(i). What is the units digit of g(1)?
9
Let s = 13149 + -7686. What is the hundreds digit of s?
4
Suppose -360 = 8*h - 4*h. Let f = -86 - h. Suppose 5*d - 193 = -b + 70, f*b = -4*d + 204. What is the units digit of d?
3
Let b(g) = 13*g**2 - 148*g + 694. What is the tens digit of b(5)?
7
Let y(j) be the second derivative of 0 + 1/6*j**3 + 43/2*j**2 + 18*j. What is the units digit of y(15)?
8
Let q(v) = 1682*v - 39. Let f be q(3). Suppose -11*h + 13022 + f = 0. What is the units digit of h?
9
Let w = 49 + -39. Suppose -8*k = -w*k + 2*c + 1516, k - 748 = 3*c. What is the units digit of k?
3
Let y = 347 - 411. Let i = y + 921. What is the hundreds digit of i?
8
Suppose 2*v = y - 17 - 11, -3*v = -4*y + 102. Let o(i) = 8*i - 44. Let u be o(y). Suppose 4*q + 3*f = 3*q + u, 0 = -q - 5*f + 150. What is the units digit of q?
5
Let j(i) = -i**2 - 4*i + 1. Let q be j(-2). Suppose -q*a + 16 = -9. Suppose -3*p + 14 = l - a, -l + 21 = 5*p. What is the tens digit of l?
1
Let i(f) = 6 - f**3 + 72*f**2 + 11 - 77*f**2 + 49*f - 15. What is the hundreds digit of i(-12)?
4
Let k = -56 + 28. Let w be (104/10)/(k/10 - -3). Suppose -w = 2*y - 250. What is the units digit of y?
9
Suppose 17425 = -7*m + 12*m. Suppose 0 = -10*a - 245 + m. What is the tens digit of a?
2
Let t = 659 + 102. Suppose 279 = 2*m - t. What is the units digit of m?
0
Let j = -1 - -4. Suppose j*f + 60 = 378. Suppose -f = -2*c + 76. What is the tens digit of c?
9
Let g = 14 + 42. Let b(d) = -d**2 - d + 12. Let p be b(0). Let t = g + p. What is the units digit of t?
8
Let n(i) = i**3 - 9*i**2 + i + 18. Let l be n(8). Let q = l + 38. Suppose -4*d - 5*v + 861 = 0, q = 5*d + 4*v + 455 - 1538. What is the units digit of d?
9
Suppose -45658*h + 45638*h + 405080 = 0. What is the thousands digit of h?
0
Suppose -23 = -4*r - 3. What is the tens digit of (-514)/(-12) + (31/6 - r)?
4
Let x = -57 - -57. Suppose 0 = -x*u - 8*u - 40. Let w = u - -27. What is the tens digit of w?
2
Let j be -3 - (-2 + (-290)/(-2)). Let x = j - -37. Let t = x - -156. What is the units digit of t?
7
Suppose 4*n - 8*n + 16 = 0. Suppose 279 = y - 5*w + 2*w, -5*w = n*y - 1048. Let m = y - 155. What is the units digit of m?
2
Let c(a) = 9*a**2 + 25*a + 40. Let d be c(-12). Suppose 5*u - d - 2124 = 0. What is the hundreds digit of u?
6
Suppose 0 = 5*n, -56 = 5*l - 4*n - 236. Let b = 95 - -47. Let h = b + l. What is the hundreds digit of h?
1
Suppose -558 = 35*q - 2588. Suppose q*p + 552 - 44400 = 0. What is the tens digit of